3879 composite?
False
Is 65883259 prime?
False
Is 799867 a prime number?
False
Is 1895749 composite?
False
Is 73119389 a composite number?
True
Is 16570031 a prime number?
True
Is 43209913 prime?
False
Is 166788995 a composite number?
True
Is 10513459 a prime number?
False
Is 1811209 a prime number?
True
Is 99260129 a prime number?
True
Is 2484597 a composite number?
True
Is 2679843 a composite number?
True
Is 18995107 prime?
True
Is 102829 a composite number?
False
Is 2834437 a composite number?
True
Is 2051383 prime?
True
Is 124225807 composite?
False
Is 363872053 composite?
True
Is 1208113 composite?
False
Is 326819219 a composite number?
True
Is 502591 prime?
True
Is 2516354 prime?
False
Is 9248333 a composite number?
False
Is 51674351 a prime number?
False
Is 116711827 prime?
False
Is 848489351 composite?
True
Is 186323969 composite?
True
Is 625553 composite?
True
Is 7673923 a prime number?
False
Is 2057849 prime?
True
Is 1697400995 a composite number?
True
Is 893953 a composite number?
True
Is 1171667 a composite number?
True
Is 4002743 prime?
True
Is 143716337 composite?
True
Is 8174513 a prime number?
True
Is 244923097 a prime number?
False
Is 5698853 a prime number?
True
Is 66986321 composite?
False
Is 1095506999 composite?
False
Is 1131353 a composite number?
False
Is 13451527 prime?
False
Is 3695855 composite?
True
Is 2276923 a composite number?
True
Is 10753003 a prime number?
True
Is 5635681 a composite number?
False
Is 55130287 a prime number?
False
Is 16018091 prime?
True
Is 2685283 prime?
False
Is 822601 prime?
False
Is 2541866 a composite number?
True
Is 1455721 prime?
True
Is 276273847 a composite number?
False
Is 33052421 composite?
True
Is 4284251 a composite number?
False
Is 133018001 a prime number?
True
Is 4164091 a prime number?
False
Is 231253249 composite?
False
Is 985253 a composite number?
False
Is 35053459 prime?
False
Is 334931 a composite number?
False
Is 47999657 a prime number?
True
Is 864613 prime?
True
Is 7333007 composite?
True
Is 15342869 a composite number?
False
Is 46955 prime?
False
Is 7930579 prime?
True
Is 168607597 a composite number?
False
Is 21432967 prime?
True
Is 34220999 composite?
True
Is 720697 a composite number?
False
Is 179652673 composite?
False
Is 268474117 composite?
False
Is 16062023 prime?
True
Is 34012754 prime?
False
Is 177165071 prime?
False
Is 65643901 a prime number?
False
Is 317260247 prime?
False
Is 10639 a prime number?
True
Is 11981923 a prime number?
False
Is 50085163 prime?
False
Is 770970197 a composite number?
False
Is 89181769 prime?
True
Is 65673677 prime?
False
Is 200798929 composite?
True
Is 48936397 prime?
True
Is 1109299699 a composite number?
True
Is 10326013 a prime number?
True
Is 385171 a composite number?
False
Is 610619 a composite number?
False
Is 1827169 composite?
True
Is 11191471 composite?
True
Is 250117367 prime?
True
Is 525340129 a composite number?
False
Is 1685969 composite?
True
Is 29044319 a composite number?
False
Is 33187283 a composite number?
True
Is 8693053 a composite number?
True
Is 11255081 a prime number?
True
Is 77908781 composite?
True
Is 31731689 prime?
False
Is 7800671 a composite number?
True
Is 8536987 prime?
False
Is 11985497 a composite number?
True
Is 6690689 prime?
True
Is 192971 a prime number?
True
Is 86515003 composite?
False
Is 47396309 a composite number?
False
Is 551651 a composite number?
False
Is 69210859 a composite number?
True
Is 277513 a prime number?
True
Is 913572547 a composite number?
False
Is 105796837 prime?
True
Is 1554661 composite?
True
Is 151298561 a prime number?
False
Is 21535867 a prime number?
False
Is 6345617 a prime number?
True
Is 1896225649 prime?
True
Is 2149369 composite?
True
Is 8265239 a prime number?
True
Is 687223 prime?
True
Is 77908627 composite?
False
Is 1844581 prime?
True
Is 12432401 a composite number?
True
Is 5204546 prime?
False
Is 617871761 prime?
False
Is 121505753 a composite number?
False
Is 822847 prime?
False
Is 911513 prime?
False
Is 2587133 a prime number?
False
Is 2583517 composite?
False
Is 12678233 composite?
True
Is 36892139 composite?
True
Is 79494353 a composite number?
False
Is 1355525989 prime?
True
Is 110119 composite?
False
Is 84913 composite?
False
Is 386503811 a prime number?
False
Is 5218301 a composite number?
True
Is 70469137 composite?
True
Is 928883 a composite number?
False
Is 13614551 a composite number?
True
Is 610913 prime?
True
Is 1180351 a prime number?
True
Is 229097741 composite?
False
Is 100728337 prime?
False
Is 294972599 prime?
True
Is 302348897 composite?
False
Is 2774307 prime?
False
Is 8755379 prime?
True
Is 443367937 a composite number?
False
Is 8280397 a composite number?
False
Is 1091459 prime?
True
Is 56358691 a prime number?
False
Is 3091873 prime?
True
Is 12857119 a composite number?
True
Is 2804413 a composite number?
True
Is 160684409 composite?
False
Is 4105097 prime?
False
Is 2241751 prime?
True
Is 52761419 a composite number?
False
Is 3961291 composite?
True
Is 40799221 composite?
False
Is 2814233 a composite number?
False
Is 35809589 a prime number?
True
Is 26598877 composite?
False
Is 785039 composite?
True
Is 1069087 composite?
False
Is 3691489 a prime number?
True
Is 4771093 a prime number?
True
Is 1587899 prime?
True
Is 449479 composite?
True
Is 466898351 prime?
True
Is 587669993 prime?
True
Is 6979793 a composite number?
True
Is 31389793 composite?
False
Is 61598221 a composite number?
True
Is 67948462 a prime number?
False
Is 4674755 composite?
True
Is 95621627 prime?
False
Is 24673787 a prime number?
False
Is 116009 composite?
False
Is 7720241 a prime number?
True
Is 917188018 prime?
False
Is 602114 prime?
False
Is 10325191 a prime number?
True
Is 1888723 a prime number?
True
Is 53477 composite?
True
Is 270835319 a prime number?
True
Is 259111889 a composite number?
False
Is 3102551 composite?
True
Is 15574133 a composite number?
False
Is 10354757 a prime number?
False
Is 42050563 prime?
True
Is 5083163 composite?
True
Is 704549 a prime number?
True
Is 976537 prime?
True
Is 5857199 a prime number?
False
Is 3294977 a prime number?
False
Is 1938877 a prime number?
False
Is 529613237 a prime number?
True
Is 7944421 a prime number?
False
Is 21394573 prime?
True
Is 199782619 composite?
False
Is 930043 a composite number?
False
Is 23783359 a composite number?
False
Is 110894522 a composite number?
True
Is 7429151 a composite number?
False
Is 38912397 prime?
False
Is 1179797 prime?
True
Is 16856267 a composite number?
True
Is 27888877 a composite number?
False
Is 4423339 a composite number?
False
Is 1956881 prime?
True
Is 1860587 a prime number?
False
Is 2616991 a prime number?
False
Is 261197 composite?
True
Is 58089183 a composite number?
True
Is 7422827 a composite number?
False
Is 3240407 a composite number?
False
Is 228119 composite?
True
Is 1561303 composite?
False
Is 3770879 a prime number?
False
Is 38341309 a prime number?
False
Is 2268577 a prime number?
True
Is 8044063 composite?
True
Is 22031237 a prime number?
True
Is 20045161 a prime number?
True
Is 911882911 a composite number?
False
Is 172146361 composite?
False
Is 12409753 prime?
False
Is 374196557 a composite number?
True
Is 25823639 a composite number?
False
Is 25533293 prime?
False
Is 2818763 composite?
True
Is 347621 a composite number?
False
Is 8380439 a prime number?
False
Is 1131574 prime?
False
Is 163811707 composite?
False
Is 289043471 composite?
False
Is 26703773 prime?
False
Is 12823639 a composite number?
False
Is 18897287 a prime number?
False
Is 2362817 a prime number?
True
Is 309909377 prime?
True
Is 18009679 a composite number?
False
Is 1062914 prime?
False
Is 371583983 a composite number?
False
Is 245662255 composite?
True
Is 13697459 a prime number?
False
Is 12238511 a composite number?
False
Is 2243569 composite?
True
Is 324203 prime?
False
Is 6550855 prime?
False
Is 13783793 composite?
True
Is 1299059 a prime number?
True
Is 1599485 a composite number?
True
Is 27259413 a composite number?
True
Is 3515363 a composite number?
False
Is 22168241 prime?
True
Is 1167983 prime?
False
Is 2804917 a prime number?
True
Is 1949299 composite?
True
Is 7269439 composite?
False
Is 9688571 a composite number?
False
Is 1420297 composite?
True
Is 2251147 a composite n